 of -1/2*s**3 + 3*s + 0 - 5/12*s**u + 1/2*s**2 - 1/20*s**5. Calculate k(-4).
-3
Let f = -31 - -21. Let j = f + 20. Let u = 14 - j. Let k(l) = 5*l - 4. Give k(u).
16
Let j(m) = m - 3. Suppose -2*k = k - 120. Let c = -32 + k. What is j(c)?
5
Let i(o) be the first derivative of -3*o**2/2 + o + 2. Suppose 4*m = 0, -3*j + 4*m - 5*m + 96 = 0. Suppose -3*l + j = 5*l. What is i(l)?
-11
Let j(h) = -3*h - 28. Suppose 3*p + 4*q = -13, 0 = -36*p + 40*p - 4*q + 64. What is j(p)?
5
Let b(r) = 7*r + 2. Let f(w) = -13*w - 5. Let k(m) = 7*b(m) + 3*f(m). Give k(5).
49
Let t(d) = 9*d + d**2 + 5 - 2 + 3 - 2. Give t(-8).
-4
Suppose -35 = -6*o + 337. Let k = o + -60. Let a(s) be the third derivative of s**5/30 - s**4/24 - s**3/3 + 3*s**2. Determine a(k).
4
Let y(d) = -d - 2. Let v(a) = a**3 + 27*a**2 + 24*a - 49. Let f be v(-26). Determine y(f).
-5
Let z = 42 + -38. Let m(v) = v**3 - 3*v**2 - 3*v - 3. Calculate m(z).
1
Let b(p) = -65*p. Let j be 5*12/(-540)*-9. Calculate b(j).
-65
Let v(a) = -8*a**2 - 2*a - 4. Suppose 3*n + 2*n + 30 = -5*o, -5*o - 3*n - 22 = 0. What is v(o)?
-32
Let x = -1070 + 1076. Let c(n) = n**2 - 6*n - 12. What is c(x)?
-12
Let p(t) be the first derivative of t**5/20 - t**4/2 + 2*t**3/3 + t**2/2 + 12*t - 4. Let d(r) be the first derivative of p(r). What is d(4)?
-15
Let h = 359/534 + -1/178. Let l(p) be the third derivative of 6*p**2 + 1/24*p**4 + h*p**3 + 0 + 0*p. Calculate l(4).
8
Let x(n) = -11*n - 4 + 27 - 7 - 12 - 3. Give x(1).
-10
Let t(d) = -4*d. Let u(j) = 10*j + 8*j - 34*j + 14. Let o be u(1). Determine t(o).
8
Let h(u) = -6*u**2 + 222*u. Let m be h(37). Let n(q) be the third derivative of -q**5/60 + q**4/24 - q**3/6 - 4*q**2. What is n(m)?
-1
Let u(n) = 3*n**3 + 8*n**2 + 5*n + 2. Let q(z) = -7*z**3 - 16*z**2 - 9*z - 4. Let h be (-17)/(119/(-42))*(-2)/(-6). Let b(r) = h*q(r) + 5*u(r). Determine b(-7).
2
Let d be (6 - 0/(-5))*-1. Let p(u) = 2*u + 4. Calculate p(d).
-8
Let v(a) be the third derivative of a**5/60 + a**4/4 + 2*a**3/3 - 4*a**2. Suppose -z = -d - 7, z - 3*z = -4*d - 18. Let b = 2 - z. What is v(b)?
-5
Let d(u) = 2 + 6*u + 7*u**2 - 2*u**2 - 3*u**2 - u**2. Let s be (-86)/(-18) - 14/(-63). Suppose 4*i + 2 = -s*w - 2, 0 = 5*w + 5*i. Give d(w).
-6
Let d be 200/70 + (-6)/7. Let a be (-2)/(-4)*(-16)/(-2). Let w(c) = -3*c**3 - a + c**2 + 2*c**3 - 2*c**2 + 2. Give w(d).
-14
Let a(f) = f**2 + 9*f + 10. Let b = -21 - -15. Let p(n) = 5*n**2 + n**3 - 2478*n + 2474*n + 5 + 0*n**3. Let x be p(b). Calculate a(x).
-4
Let x(n) = -2*n**2 + 15*n - 3. Let z(i) = -i**3 + 58*i**2 - 51*i - 336. Let d be z(57). Determine x(d).
15
Let v = -23 - -26. Suppose 4 = u + w - v*w, 19 = -4*u + w. Let q(d) = d**3 + 5*d**2 - 6*d. Determine q(u).
0
Let j(a) = -a + 9. Let l be j(6). Let u(y) be the third derivative of -y**5/60 + y**4/4 - 2*y**2. What is u(l)?
9
Let i(u) = 7*u + 2. Let z(l) = 207*l + 63. Let d(r) = -59*r - 18. Let h(o) = -18*d(o) - 5*z(o). Let b(n) = -2*h(n) + 9*i(n). Determine b(-1).
-9
Let g(s) = 61*s**2 - 2 - 114*s**2 + 48*s**2 - 3*s. Calculate g(-2).
-16
Let t(n) be the first derivative of 9*n**2/2 - 2*n - 107. What is t(2)?
16
Let z(r) be the third derivative of r**8/10080 - r**6/180 - r**5/30 + 2*r**2. Let y(c) be the third derivative of z(c). Let k be -4*-9*2/24. Calculate y(k).
14
Let p(l) = -l**3 + 4*l**2 + 7*l - 5. Suppose 0 = 6*m + 67 + 29. Let q = m - -25. Suppose -3*b + 6 = -q. What is p(b)?
5
Let l(y) = -2*y**3 + 5*y**2 - y - 7. Let s(t) = t**3 + t. Let h(a) = -l(a) - s(a). Let m(v) = -6*v**3 - 37*v**2 - 12*v - 31. Let k be m(-6). Determine h(k).
7
Let v(p) = -2*p**3 - 3*p**2 + 1. Let j be v(-2). Let m(l) be the third derivative of l**6/120 - l**5/12 + l**4/12 + 5*l**3/6 - 1633*l**2. What is m(j)?
15
Let r(d) be the third derivative of 1/12*d**4 - 30*d**2 + 1/60*d**5 - 5/6*d**3 + 0 + 0*d. What is r(-5)?
10
Let c(s) = s**3 + 3*s**2 + 5. Let q be c(-4). Let k = q - -18. Let m(r) be the second derivative of r**3/6 - 2*r**2 + 8*r. Give m(k).
3
Let x(i) be the first derivative of -i**2/2 - 17*i - 388. Determine x(-10).
-7
Suppose -2*x + 6 = -0*x. Suppose 4*j = j + 12, 3*f - 28 = -4*j. Suppose -r + w = 0, w - x*w = -4*r + f. Let o(k) = k - 1. Determine o(r).
1
Let p(x) = x + 0 + 5*x - 5*x - 7. Suppose -4*m = 2*t + 24, 5*t - 21 = 3*t + 5*m. Let s(k) = -k + 6. Let z(d) = t*p(d) - 3*s(d). Give z(2).
-2
Let g = -40 + 47. Let t(l) = -3*l + 26. Let h(n) = -n + 9. Let y(i) = g*h(i) - 2*t(i). Calculate y(10).
1
Let y(h) = h**3 + 6*h**2 - 7*h. Let c be -11 + ((-20)/4)/5 + 5. Calculate y(c).
0
Let l(w) = w**2 - 42. Let y be l(-7). Let j(m) = -m**2 + 5*m - 1. Determine j(y).
-15
Let y be 4 - (-15)/(4 - -1). Let r(s) be the second derivative of 0 + 2/3*s**4 + s - s**3 - 1/20*s**5 + 0*s**2. Determine r(y).
7
Let u be 2/(2*(-4)/16). Let g(d) = 29*d - 9 - 56*d + 26*d. Calculate g(u).
-5
Suppose -5*h + 20 = 0, -4*u + 4*h - 4 = -h. Let x(n) = n**3 - 2*n**2 - 4*n - 5. Give x(u).
11
Let v = -72 - -8641/120. Let o(x) be the third derivative of -5/24*x**4 + 1/12*x**5 + 0 + 0*x - v*x**6 + 1/3*x**3 - 3*x**2. Calculate o(4).
-2
Suppose 0*d = d - 3. Let q(y) = -y + 2394 + y**3 - 2394 - 3*y**2. Give q(d).
-3
Let b(n) = n**2 - n - 1. Let y be b(0). Let u(r) = -3*r**2 - 9*r**2 + 19*r**2 + r. Let w be u(y). Let h(l) = l**2 - 6*l + 6. Determine h(w).
6
Let v = 4 + -2. Let n(p) = -p - 2*p - 6*p**2 + 3*p**2 - 2 + 6*p**2 + 5. What is n(v)?
9
Let c(v) = -v**2 - 9*v - 6. Let m be (51/(-34))/(3/(-8)). Let a be ((-96)/(-36))/(m/6). Suppose -a*p = 5*n + 16, -n + 5*p - 9 = -0*p. What is c(n)?
14
Suppose 127 = -7*z + 176. Let c(p) = p**2 - 6*p - 1. Give c(z).
6
Let q(f) = -4*f**2 + f**3 - 18*f + 17*f - 2*f**2 + 6. What is q(6)?
0
Let x(a) be the first derivative of -5 - 3 + 2 + 2*a**2 + 0*a**2 + 7*a. Determine x(-5).
-13
Let y = 250 + -247. Let u(j) be the first derivative of 5 + 0*j**2 + 5*j + 1/3*j**y. What is u(0)?
5
Suppose 2*c = c + 1. Let v be -9 + 12 - c*3. Let w(u) = -5 - u + 0 + v + 3 - u**2. What is w(-2)?
-4
Let u(i) = i**3 + 5*i**2 + 4*i - 1. Suppose 2*h + 4*l + 16 = 0, -5*h - 27 = -2*l - l. Let p be (-2)/(-3)*h*1. Determine u(p).
-1
Suppose -32*i + 330 = 34*i. Let a(y) = 6*y - 31. Determine a(i).
-1
Let j = 0 - -6. Let k be 2*-1 + -2 + 4. Let s(r) = -j*r + 2 + 3*r - r + k. Calculate s(2).
-6
Suppose 0 = 4*r + 3*c - 22, -r = -4*c - 14 - 1. Let o(g) = g**3 - 8*g**2 + 5*g + 10. Calculate o(r).
-4
Let d(u) be the third derivative of u**5/40 - 5*u**4/24 - 31*u**3/6 - 23*u**2. Let v(z) be the first derivative of d(z). Give v(8).
19
Let y be 5*-1*(-70)/25. Let v = y - 9. Let j(u) be the first derivative of -u**4/4 + 2*u**3 - 3*u**2 - 7*u + 57. Give j(v).
-12
Let j(n) = 9*n - 13. Let f(c) = 7*c - 13. Let h(v) = -4*f(v) + 3*j(v). What is h(13)?
0
Let h(l) = -l + 1. Let m(n) = n**2 - 8*n + 8. Let y(t) = -h(t) - m(t). Suppose -5*p + 30 = -5*w, w + w - 12 = -2*p. Calculate y(p).
9
Let j(h) be the second derivative of -h**4/6 + 5*h**3/6 + 9*h**2/2 + 8*h. Let r(k) be the first derivative of j(k). Give r(4).
-11
Let f(m) be the second derivative of -m**7/2520 + m**6/240 - m**5/20 - m**4/6 - 5*m. Let c(x) be the third derivative of f(x). Give c(4).
-10
Suppose -y = 4*y + 70. Let k be y/35 + 8/(-5). Let t be 35/10 + k/4. Let a(x) = x**2 - 5*x - 2. Determine a(t).
-8
Let f(i) = i**3 + 4*i**2 + 2*i + 2. Let p be ((-16)/6)/(42/63). Let k be p - (5 + (2 - 6))*-1. Calculate f(k).
5
Let k(s) = -s**2 + 4*s + 3. Let p(u) = -4*u**2 + 12*u + 9. Let d(x) = -7*k(x) + 2*p(x). Suppose 0 = -7*b + 12*b - 40. Let z be 2/(b/(-4)) + -3. Give d(z).
-3
Let x = 476 + -488. Let c(u) = u**3 + 12*u**2 + 13. What is c(x)?
13
Let n(j) = -j. Suppose 2 = 6*r - 10. Determine n(r).
-2
Let k(o) = o**3 - 3*o**2 + 3*o - 5. Let u be (-63)/(-27) + (-3)/9. What is k(u)?
-3
Suppose -4*t = -4, 0 = i - t - 3 + 1. Let m(u) = 2 + 3 - i - 2*u. Calculate m(2).
-2
Let q(p) = 5*p**3 - 5*p**2 + p + 3. Let x(m) = -12*m**3 + 11*m**2 - 3*m - 6. Let y(o) = -5*q(o) - 2*x(o). Determine y(4).
-15
Let y(m) = -7*m**2 + 0*m**2 - m**3 - 7*m - 17 + 8. Let g(p) be the third derivative of -p**4/24 - 4*p**3/3 + 7*p**2. Let b be g(-2). Calculate y(b).
-3
Let f = 1 + 1. Let w be f/(-4) - (-13)/2. Let o(k) be the second derivative of -k**4/12 + 3*k**3/2 - k**2 - 959*k. Calculate o(w).
16
Let i(q) = q**2 - 1. Let d(p) = p**2 - p. Let x(m) =